u(t) = 7*t**3 - 5*t**2 + 2*t - 5. Let r(k) = -9*j(k) - 4*u(k). Determine r(2).
4
Let i(l) = -1 - 50*l - 1 + 51*l. Give i(0).
-2
Let l(g) = -g + 1. Let b(k) = 1. Let h(u) = b(u) + l(u). Let d(y) = -y + 1. Let w(t) = 4*d(t) - 3*h(t). Determine w(-1).
-1
Let o(l) = -6*l + 5*l**2 + 0*l + 27*l**3 - 26*l**3 - 1. Determine o(-6).
-1
Let f be 1*(-1)/2*-16. Suppose 0 = 4*h - f - 4. Let a(b) = 5*b + 6 - 2 - h*b - b. Determine a(-3).
1
Let c be 12/30*3/24. Let o(l) be the second derivative of c*l**5 + l - 5/12*l**4 + 5/6*l**3 + 0 + l**2. What is o(4)?
6
Let h(x) = -2*x**2 - 18*x + 2. Let s be h(-9). Let t(a) = 2*a + 1. Determine t(s).
5
Let r(n) = -3 + n + 1 - 5*n + 9 + n**2. What is r(5)?
12
Let w(o) = -o**3 + 5*o**2 + 4*o - 1. Let h = -35 - -41. What is w(h)?
-13
Let x(a) be the second derivative of -3*a**2 + 2*a - 1/6*a**3 + 0. Suppose -20 = 5*b - b. What is x(b)?
-1
Let f = -34 + 37. Let p(z) = -5*z**3 - 3*z**2 + 9*z - 3. Let v(o) = o**3 + o**2 - 2*o + 1. Let m(n) = -2*p(n) - 9*v(n). Give m(f).
-3
Let g(w) = -w**2 - 6*w - 1. Let r(b) = 11*b. Let z be r(-1). Let s = z - -5. Calculate g(s).
-1
Suppose 0*b + 5*h = -4*b + 31, 3*h = 3*b - 3. Let g = -2 - b. Let r(o) = -o**2 - 5*o - 4. Give r(g).
-10
Let t(g) = g**3 - g**2 + 4*g + 2. Let u = -21 - -18. Let r(k) = k**2 - k - 1. Let i(w) = u*r(w) - t(w). Calculate i(-2).
3
Let b(j) be the first derivative of j**3/3 - j**2/2 - 2. Let w(s) = s**3 - 9*s**2 + 9*s. Let k(c) = -18*b(c) - 2*w(c). Let o be 2/3 - 1/(-3). Determine k(o).
-2
Suppose -c + 5*c = 8. Let x(d) = -d + 1. Determine x(c).
-1
Let i be (-5)/15 - (-64)/12. Let u(s) = -s - 2. Calculate u(i).
-7
Let j(u) = -u**2 + 10*u - 15. Let l = -48 - -58. Calculate j(l).
-15
Suppose 4 = x - 0. Suppose -2 + x = r. Suppose -r*z + i - 9 = 0, 2*z + 5*i = -0*z + 21. Let n(a) = 6*a + 2. Give n(z).
-10
Let k(x) = x**2 - x - 4. Let t be 0/2*8/16. Suppose 4 = -t*d + d. Give k(d).
8
Suppose 8 = -4*s, -5*s + s = -g + 6. Let j be (-1)/1*4/g. Let b(i) = 0*i**3 + j*i**2 - 2*i - 5*i**3 + 3*i. Give b(-1).
6
Let u(l) = l**2 - 2*l - 3. Let p be u(4). Suppose o - p*o - 11 = 3*w, 2*w = o. Let a be -2*w/(-2)*-4. Let d(c) = -2*c + 4. Determine d(a).
-4
Let d(f) be the first derivative of -f - 7/4*f**4 + 4 + f**2 + 0*f**3. What is d(1)?
-6
Suppose 2*c - 144 = -22*c. Let v(d) = -d. What is v(c)?
-6
Let w(a) = 5*a**3 - a. Let o(s) = s + 8. Let k be o(-6). Let j be (7/14)/(1/k). Give w(j).
4
Let k(l) be the third derivative of l**6/24 + l**5/30 - l**4/6 + l**3/2 + l**2. Let j(m) = -4*m**3 - m**2 + 3*m - 3. Let x(i) = -4*j(i) - 3*k(i). What is x(3)?
12
Let u(w) = -w + 2. Let r be 1*(-1 + 2)*5. Let o = r - 2. What is u(o)?
-1
Suppose k + k = 18. Let q(y) = 2*y**2 - y**2 + k*y - 2*y**2 - 6*y - 2. Determine q(4).
-6
Let h(n) = n - 3. Let x = 20 - 14. Suppose -8*f = -x*f + 8. Determine h(f).
-7
Let p(x) = x**3 - 6*x**2 + 11*x - 7. Let h be p(4). Let i(l) = l**3 - 4*l**2 - 6*l + 3. What is i(h)?
-2
Let a(d) = -d**3 + 2*d**2 + d - 2. Let s(r) = -r**3 + 5*r**2 + 8*r - 8. Let p be s(6). Suppose x = -x + p. Give a(x).
0
Let v be 218/6 + 1/(-3). Suppose v = 8*l - 4*l. Suppose -l = 4*b - 4*o + 3, 9 = 3*o. Let d(z) = z**2 + z + 8. What is d(b)?
8
Let w(j) = -7*j - 2. Let t(o) = 20*o + 5. Let x(y) = 6*t(y) + 17*w(y). Suppose -2*q = 3*v - 4*q + 22, -q = -2*v - 13. Give x(v).
-8
Let m(s) be the third derivative of s**6/120 - 7*s**5/60 + s**4/24 - s**3/3 + 2*s**2. Suppose -96 + 5 = -13*b. Give m(b).
5
Let i(r) = r**3 - 4*r**2 + 2*r + 2. Suppose -3*t = -18 + 12. Determine i(t).
-2
Let p(k) = k + 6. Suppose 4 = r - 0, -2*j - 3*r = -2. Let b be p(j). Let c(f) = 5*f - 3 + 2 + 0. Give c(b).
4
Let f(r) = -r**2 - 15*r - 16. Let h(j) = j**2 + 16*j + 17. Let w(o) = -5*f(o) - 4*h(o). Give w(-9).
-6
Let c(b) = 2*b**3 - 9*b**2 + 3*b + 9. Let t be c(4). Let j(a) = 2*a**2 - 6*a - 5. Calculate j(t).
15
Let a(d) = 3*d - 3. Suppose 5*r - t = -4*t + 27, 2*r - 5*t + 14 = 0. Suppose -2*b - 8 = -r*j, -4*j + 3*b + 7 + 4 = 0. What is a(j)?
3
Suppose 0 = 3*v - v. Let f(s) = s + 2 + 2*s + v*s. Determine f(-4).
-10
Let k(o) = -o**2 - 6*o - 7. Suppose -9*u - 54 = -0*u. Calculate k(u).
-7
Let k(m) = m - 1. Let t(l) be the third derivative of l**4/24 + 4*l**3/3 - 2*l**2. Let g be t(-12). What is k(g)?
-5
Let j(q) be the third derivative of q**6/360 + q**5/40 - q**3/6 + q**2. Let u(v) be the first derivative of j(v). Suppose 0 = 5*t - 0*t + 15. Determine u(t).
0
Let t(d) = d**2 - 2*d + 3. Let n(j) = -6*j**2 - 4*j - 6. Let f(p) = 2*p**2 + p + 2. Let i(q) = 7*f(q) + 2*n(q). Let b(g) = -3*i(g) + 2*t(g). Calculate b(-1).
-3
Let h(d) = -4 + d + 2 - 3*d + 3*d. Determine h(0).
-2
Let m(d) be the second derivative of -d**4/12 + d**2 + d. Give m(-3).
-7
Let c be (6 - -1) + 9/(-3). Let l(a) be the first derivative of a**2 - 3*a + 1. What is l(c)?
5
Let z(a) = -4 - 2*a + a + a**2 + 2*a. Suppose -5*b + 3*r = -2*r - 10, 4*b + 4*r + 8 = 0. Calculate z(b).
-4
Suppose -13 = 4*x + 3. Let q(d) = -d**2 - 6*d - 8. Let y = -2 - -3. Let i(o) = -1. Let b(n) = y*q(n) - 4*i(n). What is b(x)?
4
Suppose 0 = -2*g + 3*g. Let i(l) = l**3 + 0 + 3*l - 6*l + g - 2. Suppose -6 = 5*h - 2*h. Determine i(h).
-4
Let l(x) = -2*x + 4. Let u(d) = d - 8. Let o be u(4). Determine l(o).
12
Let k(f) = f**2 - 1. Let l(p) = -3*p**2 - p + 3. Let s(h) = -8*k(h) - 3*l(h). What is s(-5)?
9
Let h(a) = 6*a + 2. Let q(l) = 7*l + 2. Let x(z) = -6*h(z) + 5*q(z). What is x(0)?
-2
Let k(a) = a**3 - a. Let i(y) = 9*y**3 + y**2 - 4*y + 1. Let x(l) = -i(l) + 6*k(l). Let c = -7 + 5. Let d be 42/(-35) + c/(-10). Calculate x(d).
3
Let s(z) = z + 4. Let y(u) = -4*u - 17. Let t(a) = -9*s(a) - 2*y(a). Let j be 45/(-27)*(-6)/2. What is t(j)?
-7
Let p(b) = -8*b**2 - 2*b - 5. Let s(w) = -3*w**2 - 8*w - 11. Let q(k) = k**2 - k - 1. Let i(c) = 5*q(c) - s(c). Let l(r) = -4*i(r) - 5*p(r). Calculate l(1).
7
Let i be (1 - (-2)/(-14))*-7. Let h(z) = z - 2. Give h(i).
-8
Let c(x) be the third derivative of x**5/60 - 5*x**4/24 - 4*x**3/3 + 12*x**2. Give c(7).
6
Let c(r) be the second derivative of -r**5/20 - 2*r**4/3 + 5*r**3/3 + 9*r**2/2 + 23*r. What is c(-9)?
0
Let u(v) = v**3 - 7*v**2 - 2*v - 1. Let z(g) = g + 1. Let x(i) = u(i) + 2*z(i). Let k be x(7). Let f(h) be the second derivative of -7*h**3/6 - h. Give f(k).
-7
Let g(i) be the second derivative of -i**6/240 - i**5/20 + i**4/2 - 9*i. Let d(q) be the third derivative of g(q). Calculate d(-6).
12
Let g(n) = 2*n. Suppose 3*o - r - 7 = r, -3 = 5*o + 4*r. Calculate g(o).
2
Suppose 3*q + 6 = 5*q. Suppose 0*m - 2*m - 16 = -v, -3 = 2*v + q*m. Let k be (-40)/12 - 4/v. Let j(p) = -2*p - 4. Give j(k).
4
Suppose -5*u + 12 = -33. Let a = u - 1. Suppose -4*v + 20 = a. Let s(l) = 2*l - 3. Determine s(v).
3
Let d(o) = -o**3 + o**2 + 5. Let k be d(0). Let l(p) be the first derivative of p**4/4 - 4*p**3/3 - p**2 - 7*p + 6. Calculate l(k).
8
Let z(x) be the third derivative of x**6/120 + x**5/15 + x**4/8 - x**3/3 - 3*x**2. Let q(a) = a + 2. Let r be q(-5). Determine z(r).
-2
Let n(s) = -6 + s**3 - 6*s**2 + 6. Let b be n(6). Let f(k) = 1 + 1 + b*k + k. Determine f(3).
5
Let x be (5/(5/2))/2. Let g(r) = 6*r**2 + r - 1. Let f(t) = -t**2. Let q(w) = 5*f(w) + g(w). Calculate q(x).
1
Let x(a) be the first derivative of -a - 1/6*a**3 - 1 + a**2. Let f(g) be the first derivative of x(g). Give f(4).
-2
Let k(s) = -s**2 + 9*s - 6. Let j(x) = x. Let f(w) = 2*j(w) - k(w). Let i be 304/22 + (-8)/(-44). Let h = -10 + i. Determine f(h).
-6
Let s(u) = 10*u**2 + u. Let n = 10 - 7. Let h be n/(-1) + 0 - -33. Let c be 2/12 + (-35)/h. What is s(c)?
9
Let r(d) = 2*d**3 - 5*d**2 + 3*d - 3. Let b be r(3). Let c be 9/(-5) + (-3)/b. Let u(p) = -61*p**2 + p + 60*p**2 - 2*p. Calculate u(c).
-2
Let m(o) = -10*o + 67. Let g be m(7). Let i(p) = p + p - p + 0. What is i(g)?
-3
Let f(u) = -6*u + 0*u + 2*u**2 - u**2. Give f(6).
0
Let s(v) = v - 1. Let k be 0*(-3)/12*2. Let h = k + 3. Suppose -4*z - h = 9. What is s(z)?
-4
Let b(a) = -a**3 - a**2 + a - 9. Let u = 0 - 0. Suppose u = 5*n - 3*n. Determine b(n).
-9
Suppose 32*b = 24*b - 8. Let k(w) = -w - 1. Let q(d) = -11*d**2 - 4*d - 3. Let l(s) = -3*k(s) + q(s). Give l(b).
-10
Let t be (-3)/(-6)*1*14. Let k = 11 - t. Let q(h) = -h - 5. Calculate q(k).
-9
Let g(i) = i**2 + 8*i + 9. Let k(y) = y**2 + 6*y + 2. Let w be k(-4). Let c be g(w). Let v(p) =